{"id":43,"date":"2018-02-24T13:46:58","date_gmt":"2018-02-24T12:46:58","guid":{"rendered":"http:\/\/www.talentum.sk\/?page_id=43"},"modified":"2018-07-17T08:56:12","modified_gmt":"2018-07-17T06:56:12","slug":"smart-communities-2","status":"publish","type":"page","link":"http:\/\/www.talentum.sk\/index.php\/smart-communities-2\/","title":{"rendered":"Smart Communities"},"content":{"rendered":"<p style=\"text-align: center;\">http:\/\/www.smartcommunities.eu\/<\/p>\n<p style=\"text-align: left;\"><a href=\"http:\/\/www.smartcommunities.eu\/\"><img loading=\"lazy\" decoding=\"async\" class=\"size-medium wp-image-246 alignleft\" src=\"http:\/\/www.talentum.sk\/wp-content\/uploads\/2018\/05\/SC_160x600_b_sk-80x300.jpg\" alt=\"\" width=\"80\" height=\"300\" srcset=\"http:\/\/www.talentum.sk\/wp-content\/uploads\/2018\/05\/SC_160x600_b_sk-80x300.jpg 80w, http:\/\/www.talentum.sk\/wp-content\/uploads\/2018\/05\/SC_160x600_b_sk.jpg 160w\" sizes=\"auto, (max-width: 80px) 100vw, 80px\" \/><\/a>\u00a0 \u00a0 \u00a0 \u00a0 \u00a0 \u00a0 \u00a0 \u00a0 \u00a0 \u00a0 \u00a0 \u00a0 \u00a0 \u00a0 \u00a0 \u00a0 \u00a0 \u00a0 \u00a0 \u00a0 \u00a0 \u00a0 \u00a0 \u00a0 \u00a0 \u00a0 \u00a0 \u00a0 \u00a0 \u00a0 \u00a0 \u00a0 \u00a0 \u00a0 \u00a0 \u00a0 \u00a0 \u00a0 \u00a0 \u00a0 \u00a0 \u00a0 \u00a0 \u00a0 \u00a0 \u00a0 \u00a0 \u00a0 \u00a0 \u00a0 \u00a0 \u00a0 \u00a0 \u00a0 \u00a0 \u00a0 \u00a0 \u00a0 \u00a0 \u00a0 \u00a0 \u00a0 \u00a0 \u00a0 \u00a0 \u00a0 \u00a0 \u00a0 \u00a0 \u00a0 \u00a0 \u00a0 \u00a0 \u00a0 \u00a0 \u00a0 \u00a0 \u00a0 \u00a0 \u00a0 \u00a0 \u00a0 \u00a0 \u00a0 \u00a0 \u00a0 \u00a0 \u00a0 \u00a0 \u00a0 \u00a0 \u00a0 \u00a0 \u00a0 \u00a0 \u00a0 \u00a0 \u00a0 \u00a0 \u00a0 \u00a0 \u00a0 \u00a0 \u00a0 \u00a0 \u00a0 \u00a0 \u00a0 \u00a0 \u00a0 \u00a0 \u00a0 \u00a0 \u00a0 \u00a0\u00a0<a href=\"http:\/\/www.smartcommunities.eu\/\"><img loading=\"lazy\" decoding=\"async\" class=\"size-medium wp-image-247 alignright\" src=\"http:\/\/www.talentum.sk\/wp-content\/uploads\/2018\/05\/SC_160x600_b_hu-80x300.jpg\" alt=\"\" width=\"80\" height=\"300\" srcset=\"http:\/\/www.talentum.sk\/wp-content\/uploads\/2018\/05\/SC_160x600_b_hu-80x300.jpg 80w, http:\/\/www.talentum.sk\/wp-content\/uploads\/2018\/05\/SC_160x600_b_hu.jpg 160w\" sizes=\"auto, (max-width: 80px) 100vw, 80px\" \/><\/a><\/p>\n<p><img loading=\"lazy\" decoding=\"async\" class=\"size-medium wp-image-23 aligncenter\" src=\"http:\/\/www.talentum.sk\/wp-content\/uploads\/2018\/02\/SC_LOGO_OK_1-218x300.png\" alt=\"\" width=\"218\" height=\"300\" srcset=\"http:\/\/www.talentum.sk\/wp-content\/uploads\/2018\/02\/SC_LOGO_OK_1-218x300.png 218w, http:\/\/www.talentum.sk\/wp-content\/uploads\/2018\/02\/SC_LOGO_OK_1-768x1055.png 768w, http:\/\/www.talentum.sk\/wp-content\/uploads\/2018\/02\/SC_LOGO_OK_1-745x1024.png 745w, http:\/\/www.talentum.sk\/wp-content\/uploads\/2018\/02\/SC_LOGO_OK_1.png 886w\" sizes=\"auto, (max-width: 218px) 100vw, 218px\" \/><\/p>\n<p style=\"text-align: center;\"><em><strong>Projekt c\u00edme<\/strong><\/em><br \/>\n<strong>&#8222;Smart Communities&#8221; Virtual Education and Research and Development and <\/strong><\/p>\n<p style=\"text-align: center;\"><strong>Innovation Network in the Slovakian &#8211; Hungarian border region\u00a0<span class=\"fontstyle0\">SKHU\/1601\/4.1\/210<\/span><\/strong><\/p>\n<p style=\"text-align: center;\"><strong>Priorit\u00e1si tengely:<\/strong><\/p>\n<p style=\"text-align: center;\">PT4 \u2013 K\u00f6zint\u00e9zm\u00e9nyek \u00e9s a hat\u00e1rt\u00e9rs\u00e9gben \u00e9l\u0151k hat\u00e1ron \u00e1tny\u00fal\u00f3 egy\u00fcttm\u0171k\u00f6d\u00e9s\u00e9nek jav\u00edt\u00e1sa<br \/>\n<strong>Specifikus c\u00e9lkit\u0171z\u00e9s:\u00a0<\/strong><\/p>\n<p style=\"text-align: center;\">SC4.1| A hat\u00e1ron \u00e1tny\u00fal\u00f3 int\u00e9zm\u00e9nyk\u00f6zi egy\u00fcttm\u0171k\u00f6d\u00e9s szintj\u00e9nek jav\u00edt\u00e1sa \u00e9s az \u00e1llampolg\u00e1rok<\/p>\n<p style=\"text-align: center;\">k\u00f6z\u00f6tti hat\u00e1ron \u00e1tny\u00fal\u00f3 egy\u00fcttm\u0171k\u00f6d\u00e9s kisz\u00e9les\u00edt\u00e9se.<\/p>\n<p style=\"text-align: center;\"><strong>Projekt konzorcium:<\/strong><br \/>\nInterindustria Tud\u00e1sk\u00f6zpont Alap\u00edtv\u00e1ny, Konzorciumvezet\u0151<br \/>\ne-Talentum<br \/>\nSzent Istv\u00e1n Egyetem<br \/>\n<span class=\"fontstyle0\">Technick\u00e1 univerzita v Ko\u0161iciach<\/span><br \/>\n<span class=\"fontstyle0\">MTA K\u00f6zgazdas\u00e1g- \u00e9s Region\u00e1lis Tudom\u00e1nyi Kutat\u00f3k\u00f6zpont<br \/>\nK\u00f6z\u00f6ss\u00e9g a Meg\u00fajul\u00f3 Vid\u00e9k\u00e9rt Egyes\u00fclet<br \/>\nASTRA &#8211; Zdu\u017eenie pre inov\u00e1cie a rozvoj<\/span><br \/>\n<span class=\"fontstyle0\">Gymn\u00e1zium &#8211; Gimn\u00e1zium Fi\u013eakovo<\/span><\/p>\n<p style=\"text-align: center;\">A projekt c\u00e9lter\u00fclete a \u2019perif\u00e9ria perif\u00e9ri\u00e1ja\u2019-k\u00e9nt jellemezhet\u0151, \u00e9s a kor\u00e1bbi hagyom\u00e1nyos vid\u00e9kfejleszt\u00e9si beavatkoz\u00e1sok ellen\u00e9re mind megyei, mind kist\u00e9rs\u00e9gi szinten folyamatosan rosszabbod\u00f3 gazdas\u00e1gi \u00e9s t\u00e1rsadalmi indik\u00e1torokkal (pl. GDP, munkan\u00e9lk\u00fclis\u00e9g, foglalkoztat\u00e1s, migr\u00e1ci\u00f3, zsugorod\u00f3 k\u00f6z\u00f6ss\u00e9gek, a term\u00e9szeti er\u0151forr\u00e1sok hat\u00e9konytalan haszn\u00e1lata, k\u00e9pzetts\u00e9gi sz\u00ednvonal, hozz\u00e1adott \u00e9rt\u00e9k) rendelkezik.<br \/>\nA projekt \u00e1tfog\u00f3 c\u00e9lkit\u0171z\u00e9se, hogy jelent\u0151s m\u00e9rt\u00e9kben hozz\u00e1j\u00e1ruljon a szellemi t\u0151ke fokoz\u00e1s\u00e1hoz a d\u00e9l-szlov\u00e1kiai \u00e9s \u00e9szak-magyarorsz\u00e1gi h\u00e1tr\u00e1nyos helyzet\u0171 hat\u00e1rt\u00e9rs\u00e9gben, a t\u00e1rsadalmi innov\u00e1ci\u00f3 gyakorlati alkalmaz\u00e1s\u00e1t eredm\u00e9nyez\u0151 innovat\u00edv egy\u00fcttm\u0171k\u00f6d\u00e9si strukt\u00far\u00e1k l\u00e9trehoz\u00e1s\u00e1val \u00e9s elterjeszt\u00e9s\u00e9vel.<br \/>\nC\u00e9lunk a civil partnerek, k\u00e9pz\u00e9si \u00e9s kutat\u00f3 int\u00e9zm\u00e9nyek h\u00e1l\u00f3zat\u00e1nak ki\u00e9p\u00edt\u00e9se, valamint k\u00f6z\u00f6s szakmai programok, tr\u00e9ningek \u00e9s mentori rendszer szervez\u00e9se \u00e9s megval\u00f3s\u00edt\u00e1sa c\u00e9lcsoportjaink r\u00e9szv\u00e9tel\u00e9vel, akik a kori gyermekkort\u00f3l a nyugd\u00edjasokig terjednek, magukba foglalva nagysz\u00e1m\u00fa szoci\u00e1lisan marginaliz\u00e1l\u00f3dott embert.<br \/>\nA f\u0151 outputjaink projektszinten l\u00e9trehozni k\u00e9t fenntarthat\u00f3 egy\u00fcttm\u0171k\u00f6d\u00e9si rendszert, m\u00e9gpedig egy (1) Virtu\u00e1lis K\u00e9pz\u00e9si \u00e9s K+F+I H\u00e1l\u00f3zatot \u00e9s egy (2) Okos IKT Kompetencia K\u00f6zpontot. Ezek seg\u00edts\u00e9g\u00e9vel \u00e9s eredm\u00e9nyek\u00e9ppen a projekt re\u00e1lis \u00e9s megval\u00f3s\u00edthat\u00f3 \u00e9letp\u00e1lya alternat\u00edv\u00e1kat k\u00edn\u00e1lhat a c\u00e9lcsoportnak, akik a hat\u00e1rt\u00e9rs\u00e9g t\u00e1rsadalmilag marginaliz\u00e1l\u00f3dott lakoss\u00e1g\u00e1t k\u00e9pezik.<br \/>\nKoncepci\u00f3nk, hogy az endog\u00e9n fejl\u0151d\u00e9sre alapozott tev\u00e9kenys\u00e9gek \u00e9s az intenz\u00edv ipartelep\u00edt\u00e9s helyetti \u2019okos k\u00f6z\u00f6ss\u00e9gek\u2019 \u00e1ltal a t\u00e9rs\u00e9g ki tudjon t\u00f6rni a r\u00f6gz\u00fclt h\u00e1tr\u00e1nyos helyzet\u00e9b\u0151l. A projekt kiemelt szektorai a k\u00e9pz\u00e9s \u00e9s a K+F+I, tematikus f\u00f3kusszal (1) a fenntarthat\u00f3s\u00e1gra \u00e9s (2) az info-kommunik\u00e1ci\u00f3s technol\u00f3gi\u00e1kra.<br \/>\nA hat\u00e1ron \u00e1tny\u00fal\u00f3 megk\u00f6zel\u00edt\u00e9s kiemelten sz\u00fcks\u00e9ges, hiszen a csak nemzeti\/region\u00e1lis\/helyi szinten val\u00f3 tev\u00e9kenys\u00e9gek csak tov\u00e1bb n\u00f6veln\u00e9k a region\u00e1lis diszparit\u00e1sokat \u00e9s egyenl\u0151tlens\u00e9geket, amelyek nyilv\u00e1nval\u00f3an nem c\u00e9lok sem politikai, sem projekt szinten.<\/p>\n<p>&nbsp;<\/p>\n<p>Szerz\u0151d\u00e9s :\u00a0<a href=\"http:\/\/www.talentum.sk\/wp-content\/uploads\/2018\/07\/Zmluva-o-narodnom-spolufinancovani2.pdf\">Zmluva o narodnom spolufinancovani<\/a><\/p>\n<table class=\" aligncenter\" style=\"height: 17px;\" border=\"0\" width=\"50\" cellspacing=\"0\" cellpadding=\"0\">\n<colgroup>\n<col span=\"4\" \/>\n<col \/>\n<col span=\"4\" \/><\/colgroup>\n<tbody>\n<tr>\n<td colspan=\"9\" height=\"66\"><\/td>\n<\/tr>\n<\/tbody>\n<\/table>\n<p style=\"text-align: center;\"><strong>Projekt k\u00f6lts\u00e9gvet\u00e9se:<\/strong>\u00a0<span class=\"fontstyle0\">453 074,03 EUR<br \/>\n<strong>Projekt kezdete \u00e9s tervezett befejez\u00e9se:<\/strong>\u00a02017. m\u00e1jus 1. &#8211; 2019. \u00e1prilis 30.<\/span><\/p>\n<p><img loading=\"lazy\" decoding=\"async\" class=\"alignnone wp-image-69 aligncenter\" src=\"http:\/\/www.talentum.sk\/wp-content\/uploads\/2018\/03\/logo1HU-300x30.png\" alt=\"\" width=\"640\" height=\"64\" srcset=\"http:\/\/www.talentum.sk\/wp-content\/uploads\/2018\/03\/logo1HU-300x30.png 300w, http:\/\/www.talentum.sk\/wp-content\/uploads\/2018\/03\/logo1HU.png 650w\" sizes=\"auto, (max-width: 640px) 100vw, 640px\" \/><\/p>\n<p><img loading=\"lazy\" decoding=\"async\" class=\"wp-image-49 aligncenter\" src=\"http:\/\/www.talentum.sk\/wp-content\/uploads\/2018\/02\/partner-logok-300x28.png\" alt=\"\" width=\"621\" height=\"58\" srcset=\"http:\/\/www.talentum.sk\/wp-content\/uploads\/2018\/02\/partner-logok-300x28.png 300w, http:\/\/www.talentum.sk\/wp-content\/uploads\/2018\/02\/partner-logok.png 578w\" sizes=\"auto, (max-width: 621px) 100vw, 621px\" \/><\/p>\n<p style=\"text-align: center;\">A projekt az Eur\u00f3pai Uni\u00f3 t\u00e1mogat\u00e1s\u00e1val, az Eur\u00f3pai Region\u00e1lis Fejleszt\u00e9si Alap t\u00e1rsfinansz\u00edroz\u00e1s\u00e1val val\u00f3sul meg.<\/p>\n<p style=\"text-align: center;\">Obsah str\u00e1nky nepredstavuje ofici\u00e1lnu poz\u00edciu Eur\u00f3pskej \u00fanie.<\/p>\n","protected":false},"excerpt":{"rendered":"<p>http:\/\/www.smartcommunities.eu\/ \u00a0 \u00a0 \u00a0 \u00a0 \u00a0 \u00a0 \u00a0 \u00a0 \u00a0 \u00a0 \u00a0 \u00a0 \u00a0 \u00a0 \u00a0 \u00a0 \u00a0&hellip;<\/p>\n","protected":false},"author":1,"featured_media":0,"parent":0,"menu_order":0,"comment_status":"closed","ping_status":"closed","template":"","meta":{"footnotes":""},"class_list":["post-43","page","type-page","status-publish","hentry"],"_links":{"self":[{"href":"http:\/\/www.talentum.sk\/index.php\/wp-json\/wp\/v2\/pages\/43","targetHints":{"allow":["GET"]}}],"collection":[{"href":"http:\/\/www.talentum.sk\/index.php\/wp-json\/wp\/v2\/pages"}],"about":[{"href":"http:\/\/www.talentum.sk\/index.php\/wp-json\/wp\/v2\/types\/page"}],"author":[{"embeddable":true,"href":"http:\/\/www.talentum.sk\/index.php\/wp-json\/wp\/v2\/users\/1"}],"replies":[{"embeddable":true,"href":"http:\/\/www.talentum.sk\/index.php\/wp-json\/wp\/v2\/comments?post=43"}],"version-history":[{"count":14,"href":"http:\/\/www.talentum.sk\/index.php\/wp-json\/wp\/v2\/pages\/43\/revisions"}],"predecessor-version":[{"id":281,"href":"http:\/\/www.talentum.sk\/index.php\/wp-json\/wp\/v2\/pages\/43\/revisions\/281"}],"wp:attachment":[{"href":"http:\/\/www.talentum.sk\/index.php\/wp-json\/wp\/v2\/media?parent=43"}],"curies":[{"name":"wp","href":"https:\/\/api.w.org\/{rel}","templated":true}]}}